se 9) to base 5.
-143330
What is -184 (base 15) in base 11?
-298
What is -5392 (base 10) in base 8?
-12420
Convert 244b (base 12) to base 14.
16c3
What is 4001404 (base 5) in base 3?
10012001022
-9462 (base 12) to base 4
-3331022
What is -130131 (base 5) in base 10?
-5041
Convert -862 (base 16) to base 7.
-6154
What is 2011 (base 3) in base 13?
46
-30178 (base 12) to base 16
-f3ec
-50134 (base 10) to base 3
-2112202211
Convert -524 (base 10) to base 5.
-4044
What is -11110110011001 (base 2) in base 16?
-3d99
-151637 (base 8) to base 9
-82274
Convert 9b52 (base 13) to base 3.
1002202200
What is -1722 (base 11) in base 14?
-b34
Convert -45310 (base 7) to base 9.
-16657
Convert 1001021 (base 4) to base 15.
137e
a835 (base 13) to base 16
5b46
What is -5122 (base 8) in base 15?
-bb2
-344 (base 15) to base 8
-1343
Convert 5902 (base 11) to base 2.
1111001000010
What is 120101112 (base 3) in base 11?
847a
What is -5aa5 (base 16) in base 13?
-a740
20721 (base 9) to base 11
a332
What is 2b4 (base 13) in base 5?
3420
What is 76a4 (base 11) in base 16?
27ad
What is -38af (base 16) in base 4?
-3202233
What is 2061 (base 7) in base 13?
441
Convert 65057 (base 9) to base 10.
43063
Convert -a83 (base 11) to base 12.
-905
5b (base 14) to base 15
56
Convert 5325 (base 8) to base 6.
20501
What is 11143 (base 5) in base 12?
566
Convert -122031 (base 4) to base 3.
-2022010
-27711 (base 8) to base 6
-132345
-111010111 (base 2) to base 13
-2a3
Convert -222 (base 16) to base 13.
-330
What is 3821 (base 9) in base 3?
10220201
Convert 675 (base 9) to base 10.
554
Convert 1313 (base 4) to base 12.
9b
239 (base 15) to base 3
200200
687 (base 12) to base 3
1022211
Convert -a1 (base 11) to base 6.
-303
What is 2865 (base 9) in base 3?
2222012
-20540 (base 9) to base 12
-7a23
Convert -39a (base 15) to base 4.
-30310
What is -14934 (base 12) in base 7?
-150334
Convert -11220 (base 3) to base 5.
-1012
-a0b0 (base 13) to base 12
-10969
4082 (base 10) to base 8
7762
-124 (base 6) to base 3
-1221
Convert -17a49 (base 12) to base 4.
-20120121
What is -10011011100 (base 2) in base 9?
-1632
1212 (base 4) to base 5
402
-654 (base 8) to base 13
-26c
Convert -53 (base 11) to base 6.
-134
What is -2080 (base 11) in base 10?
-2750
Convert -459 (base 11) to base 16.
-224
What is 2187 (base 16) in base 10?
8583
-25661 (base 8) to base 3
-120100021
What is 21132 (base 4) in base 12?
426
What is -26a (base 12) in base 2?
-101110010
What is 65e (base 15) in base 14?
74b
9125 (base 11) to base 3
121122011
What is -7012 (base 8) in base 4?
-320022
What is 5440 (base 6) in base 10?
1248
Convert 3639 (base 11) to base 13.
2223
Convert -5c7 (base 13) to base 8.
-1760
What is 942 (base 15) in base 5?
31322
Convert -16774 (base 11) to base 6.
-301015
What is -3052 (base 7) in base 3?
-1110111
Convert -1673 (base 14) to base 12.
-23b1
1106 (base 13) to base 9
3225
What is 113320 (base 5) in base 11?
3188
-504240 (base 6) to base 11
-27a29
What is 1131122 (base 4) in base 7?
23300
-132034 (base 5) to base 11
-3a60
Convert -7e (base 15) to base 8.
-167
Convert -1202023 (base 4) to base 7.
-24214
2173 (base 9) to base 7
4452
11a07 (base 16) to base 4
101220013
-5617 (base 10) to base 8
-12761
Convert 204050 (base 7) to base 2.
1000100011001101
What is 2078 (base 10) in base 13?
c3b
-163 (base 15) to base 8
-476
What is 2616 (base 13) in base 14?
1d99
-37670 (base 8) to base 13
-756a
Convert -1001110110101110 (base 2) to base 11.
-28367
What is 561 (base 9) in base 5?
3320
What is -531 (base 12) in base 3?
-1001001
42142 (base 6) to base 7
22361
Convert 12103113 (base 4) to base 7.
135156
3131022 (base 4) to base 12
8236
Convert -14445 (base 7) to base 4.
-332202
-10000001001101 (base 2) to base 13
-39c1
30678 (base 11) to base 7
244264
Convert 35 (base 10) to base 14.
27
5a6 (base 11) to base 9
881
Convert 12345 (base 6) to base 7.
5303
7101 (base 8) to base 14
1489
Convert -110d (base 14) to base 13.
-1462
Convert -28185 (base 10) to base 14.
-a3b3
What is -1062 (base 7) in base 4?
-12003
What is 561 (base 10) in base 11?
470
Convert -8515 (base 10) to base 15.
-27ca
Convert -120 (base 7) to base 10.
-63
Convert 2004312 (base 5) to base 7.
161543
-2626 (base 7) to base 2
-1111101000
-2100212 (base 3) to base 9
-2325
Convert 3321 (base 4) to base 10.
249
What is 40534 (base 7) in base 15?
2dd4
Convert -654 (base 9) to base 2.
-1000010111
Convert -14946 (base 11) to base 2.
-101001001110000
-56bd (base 14) to base 7
-61626
Convert 522 (base 8) to base 3.
110112
510 (base 14) to base 16
3e2
1067 (base 14) to base 7
11160
-3141112 (base 5) to base 4
-30312301
Convert fb9d (base 16) to base 13.
2341b
What is -8670 (base 9) in base 8?
-14355
Convert 222 (base 10) to base 4.
3132
-3994 (base 12) to base 4
-1213000
What is 31663 (base 10) in base 5?
2003123
Convert -38d (base 16) to base 12.
-639
Convert 4306 (base 10) to base 11.
3265
Convert -11110000101000 (base 2) to base 14.
-5880
607 (base 12) to base 5
11441
Convert 3c8 (base 13) to base 4.
22133
10000010 (base 2) to base 8
202
-66 (base 8) to base 7
-105
Convert -1201 (base 7) to base 6.
-2014
Convert -327 (base 8) to base 11.
-186
-5085 (base 10) to base 12
-2b39
What is -2110 (base 15) in base 5?
-210430
-330230 (base 4) to base 12
-22b8
What is 10010010101 (base 2) in base 7?
3264
686 (base 11) to base 10
820
What is 220 (base 9) in base 13?
10b
Convert 10233 (base 6) to base 3.
1220110
12301130 (base 4) to base 14
a176
Convert 315 (base 13) to base 11.
438
What is -124115 (base 8) in base 7?
-236420
Convert 27 (base 16) to base 12.
33
133362 (base 7) to base 12
12726
What is -32 (base 9) in base 11?
-27
Convert -10002 (base 4) to base 2.
-100000010
-1310021 (base 6) to base 10
-71293
-6361 (base 7) to base 12
-1374
Convert 5a72 (base 11) to base 14.
2c76
What is 725 (base 11) in base 13?
523
Convert 1d0 (base 14) to base 12.
276
Convert 2bcb (base 13) to base 3.
22210210
Convert -109a3 (base 16) to base 8.
-204643
-32152 (base 6) to base 10
-4388
Convert 2a (base 15) to base 11.
37
3110 (base 7) to base 16
43d
What is -33e (base 16) in base 5?
-11310
Convert 26765 (base 8) to base 12.
6985
-2702 (base 13) to base 11
-4212
aa40 (base 16) to base 6
533440
21020 (base 3) to base 5
1240
2233040 (base 5) to base 11
27975
What is -4171 (base 8) in base 4?
-201321
Convert -1294 (base 12) to base 3.
-2220211
-562 (base 11) to base 7
-1651
6362 (base 13) to base 9
20788
What is 214225 (base 7) in base 2?
1001001010000000
Convert -100151 (base 6) to base 2.
-1111010100011
Convert -211102212 (base 3) to base 8.
-37746
What is -16032 (base 14) in base 16?
-d68c
-15ed (base 16) to base 5
-134423
What is -101110111 (base 2) in base 10?
-375
101230 (base 5) to base 8
6363
What is -3240 (base 6) in base 3?
-1000120
What is -16021 (base 9) in base 14?
-3dc6
What is 1 (base 10) in base 13?
1
-3a87 (base 13) to base 6
-102504
What is 1471 (base 8) in base 7?
2256
What is -607a (base 13) in base 15?
-3e08
What is -22002223 (base 4) in base 3?
-2002102101
151c (base 14) to base 12
2206
Convert 19099 (base 10) to base 11.
13393
What is -21c34 (base 14) in base 5?
-10110344
What is -7735 (base 9) in base 16?
-1646
What is -1000011110100 (base 2) in base 14?
-1820
What is -302114 (base 5) in base 11?
-7291
Convert 110011111000001 (base 2) to base 8.
63701
7a2 (base 11) to base 6
4235
-3172 (base 11) to base 8
-10141
1a5 (base 12) to base 5
2034
Convert -703 (base 8) to base 9.
-551
1110111100 (base 2) to base 10
956
Convert 8b36 (base 12) to base 4.
3301122
Convert -1122122001 (base 3) to base 4.
-13330120
108f (base 16) to base 10
4239
Convert -6457 (base 8) to base 13.
-16c8
-102042 (base 6) to base 14
-3002
What is -20323 (base 6) in base 3?
-10201120
-106 (base 7) to base 9
-61
Convert -10321310 (base 4) to base 8.
-47164
2332224 (base 5) to base 9
64651
Convert 837 (base 9) to base 15.
307
-10101101001100 (base 2) to base 12
-64b8
-12573 (base 9) to base 3
-102122110
b92b (base 12) to base 15
605e
46 (base 8) to base 3
1102
-5621 (base 8) to base 6
-21413
4320 (base 13) to base 6
111053
What is -80 (base 14) in base 10?
-112
1c42a (base 14) to base 7
420253
Convert -201325 (base 8) to base 11.
-45868
40321 (base 7) to base 3
111101201
What is -956 (base 12) in